y 1306.
1304
Calculate the remainder when 1622833 is divided by 3622.
177
What is the remainder when 74837 is divided by 2674?
2639
What is the remainder when 5005457 is divided by 438?
431
Calculate the remainder when 301789929 is divided by 17.
13
What is the remainder when 807370 is divided by 57669?
4
What is the remainder when 890667 is divided by 148442?
15
Calculate the remainder when 7494 is divided by 275.
69
What is the remainder when 1296898 is divided by 656?
642
Calculate the remainder when 3603198 is divided by 277169.
1
What is the remainder when 34088233 is divided by 1988?
1985
What is the remainder when 152355069 is divided by 1272?
1269
What is the remainder when 319769798 is divided by 1027?
1024
Calculate the remainder when 817175 is divided by 6987.
6683
Calculate the remainder when 4941832 is divided by 11.
5
Calculate the remainder when 4160555 is divided by 173356.
11
Calculate the remainder when 1168452 is divided by 298.
292
What is the remainder when 234506 is divided by 316?
34
Calculate the remainder when 1775434 is divided by 24312.
658
Calculate the remainder when 343257 is divided by 3772.
5
Calculate the remainder when 3253 is divided by 904.
541
What is the remainder when 44838 is divided by 240?
198
What is the remainder when 5300996 is divided by 72?
68
Calculate the remainder when 38231254 is divided by 23.
10
Calculate the remainder when 131590818 is divided by 20.
18
Calculate the remainder when 4501874 is divided by 44573.
1
Calculate the remainder when 1706511 is divided by 18548.
95
What is the remainder when 5446039 is divided by 787?
786
What is the remainder when 595730 is divided by 148918?
58
Calculate the remainder when 408170 is divided by 182.
126
What is the remainder when 1570858 is divided by 142805?
3
What is the remainder when 15460 is divided by 2044?
1152
Calculate the remainder when 13712473 is divided by 3428115.
13
What is the remainder when 1202328191 is divided by 12416?
12415
Calculate the remainder when 36072361 is divided by 66.
61
What is the remainder when 26864751 is divided by 57?
24
Calculate the remainder when 247617 is divided by 1990.
857
What is the remainder when 13485727 is divided by 928?
31
Calculate the remainder when 264243 is divided by 1716.
1695
Calculate the remainder when 23772498 is divided by 12.
6
Calculate the remainder when 7003199 is divided by 160.
159
Calculate the remainder when 3728027 is divided by 207112.
11
Calculate the remainder when 191222 is divided by 191093.
129
What is the remainder when 24900063 is divided by 5672?
5655
What is the remainder when 5319 is divided by 340?
219
What is the remainder when 8294298 is divided by 197?
7
What is the remainder when 54277 is divided by 54118?
159
What is the remainder when 4524323 is divided by 341?
276
Calculate the remainder when 1956195 is divided by 67.
63
What is the remainder when 31743442 is divided by 281?
277
Calculate the remainder when 5620959 is divided by 2345.
2339
Calculate the remainder when 45726708 is divided by 1475055.
3
Calculate the remainder when 164996303 is divided by 4.
3
What is the remainder when 26694841 is divided by 502?
489
Calculate the remainder when 10535382 is divided by 142370.
2
Calculate the remainder when 75364656 is divided by 14.
10
What is the remainder when 256464 is divided by 1110?
54
Calculate the remainder when 94847615 is divided by 50.
15
What is the remainder when 12070799 is divided by 37?
30
What is the remainder when 6547637 is divided by 1636907?
9
What is the remainder when 7481039 is divided by 105?
104
Calculate the remainder when 1894463 is divided by 156.
155
Calculate the remainder when 1593361 is divided by 7344.
7057
What is the remainder when 145030673 is divided by 33?
29
What is the remainder when 89640 is divided by 42748?
4144
Calculate the remainder when 128822 is divided by 32203.
10
What is the remainder when 2800501 is divided by 205?
201
What is the remainder when 185709993 is divided by 175?
168
What is the remainder when 69818170 is divided by 121002?
16
What is the remainder when 11930939 is divided by 1260?
1259
Calculate the remainder when 802440 is divided by 267475.
15
Calculate the remainder when 569909 is divided by 425.
409
Calculate the remainder when 11906428 is divided by 601.
17
What is the remainder when 90143963 is divided by 6?
5
What is the remainder when 3257871 is divided by 3059?
36
Calculate the remainder when 5875 is divided by 2921.
33
What is the remainder when 547457 is divided by 541?
506
What is the remainder when 428825 is divided by 428824?
1
What is the remainder when 466164222 is divided by 7225?
7222
Calculate the remainder when 72320553 is divided by 7297.
7283
What is the remainder when 752959 is divided by 2121?
4
What is the remainder when 1383793 is divided by 110?
103
What is the remainder when 10829494 is divided by 1710?
64
Calculate the remainder when 700981 is divided by 33378.
43
What is the remainder when 1121231 is divided by 74291?
6866
Calculate the remainder when 104286 is divided by 166.
38
Calculate the remainder when 492693 is divided by 246311.
71
What is the remainder when 550993 is divided by 1315?
8
Calculate the remainder when 1660116 is divided by 237142.
122
Calculate the remainder when 26486 is divided by 6592.
118
What is the remainder when 154504 is divided by 133?
91
What is the remainder when 31523 is divided by 95?
78
What is the remainder when 258210 is divided by 18437?
92
Calculate the remainder when 3050437 is divided by 8497.
14
Calculate the remainder when 8702226 is divided by 174037.
376
Calculate the remainder when 77038 is divided by 3837.
298
What is the remainder when 253223 is divided by 15807?
311
What is the remainder when 198297 is divided by 49492?
329
What is the remainder when 243365 is divided by 121638?
89
Calculate the remainder when 2643038 is divided by 763.
6
Calculate the remainder when 1349193 is divided by 1567.
6
What is the remainder when 66876 is divided by 10068?
6468
What is the remainder when 10814 is divided by 906?
848
Calculate the remainder when 1957093 is divided by 1001.
138
What is the remainder when 3266079 is divided by 70?
19
What is the remainder when 265039441 is divided by 37862777?
2
What is the remainder when 20189 is divided by 123?
17
Calculate the remainder when 2694786 is divided by 459.
456
Calculate the remainder when 160995 is divided by 6994.
133
What is the remainder when 2122793 is divided by 530423?
1101
What is the remainder when 28432472 is divided by 1246?
1244
What is the remainder when 52222 is divided by 88?
38
Calculate the remainder when 1513308 is divided by 658.
566
What is the remainder when 2946011 is divided by 529?
10
Calculate the remainder when 4561144 is divided by 456111.
34
What is the remainder when 2920004 is divided by 182491?
148
Calculate the remainder when 51811511 is divided by 17.
16
What is the remainder when 13241620 is divided by 745?
735
What is the remainder when 73930 is divided by 284?
90
Calculate the remainder when 677470 is divided by 6910.
290
What is the remainder when 5658838 is divided by 28?
10
Calculate the remainder when 6009501 is divided by 742.
43
Calculate the remainder when 34213786 is divided by 31.
16
What is the remainder when 710982 is divided by 7?
6
Calculate the remainder when 1956813 is divided by 8.
5
Calculate the remainder when 3584743 is divided by 19.
13
Calculate the remainder when 73797826 is divided by 52.
50
Calculate the remainder when 628597 is divided by 109.
103
What is the remainder when 97482473 is divided by 393?
2
What is the remainder when 1588995 is divided by 3159?
18
Calculate the remainder when 9042 is divided by 6875.
2167
What is the remainder when 46601907 is divided by 15533966?
9
What is the remainder when 76760 is divided by 25442?
434
What is the remainder when 200948 is divided by 2104?
1068
What is the remainder when 46520586 is divided by 2903?
11
Calculate the remainder when 6736142 is divided by 609.
602
What is the remainder when 2146159 is divided by 1061?
817
What is the remainder when 301193 is divided by 37641?
65
Calculate the remainder when 1282517 is divided by 284.
257
What is the remainder when 74072 